-2*x + 6. Suppose 0 = -4*g, 12*g + 15 = -5*c + 16*g. Calculate j(c).
12
Let v(p) be the first derivative of p**4/12 + p**2/2 - 19*p - 21. Let b(r) be the first derivative of v(r). Give b(2).
5
Let n(p) = 16*p + 181. Let r(o) = 4*o + 45. Let h(i) = 2*n(i) - 9*r(i). What is h(-10)?
-3
Let p(c) be the first derivative of 11*c**4/4 + c**3/3 + 11*c**2/2 - 5. Let f(i) = 4*i**3 + 4*i. Let a(u) = 8*f(u) - 3*p(u). Give a(-1).
-1
Let v be (-4)/4*(0 - 2). Let p = v + -3. Let l(k) = -5*k + 11*k - k. Give l(p).
-5
Let q be -6 + 3 + 0 + 2. Let z(b) = -4*b**2 + b**2 + 13*b**3 - b - 1 - 4*b**2 + 8*b**2. Give z(q).
-12
Let c = -2000 - -1998. Let w(y) = -y - 2. What is w(c)?
0
Let k(p) = -p**2 - 5*p. Let x be 40 + (-7)/((-7)/(-4)). Let i be (-2)/12 - 210/x. Calculate k(i).
-6
Suppose 0 = 2*f - 11*f - 2*f. Let o(m) be the third derivative of -m**2 + 1/12*m**5 + 0*m - 1/6*m**4 + 1/3*m**3 + f. Give o(2).
14
Let v(m) be the second derivative of m**4/6 + 5*m**3/6 + 3*m**2/2 - 71*m. Give v(-3).
6
Suppose 0 = 2*v, 5*x + 0*x - 2*v = 0. Suppose x = -a + 14 - 12. Let h(u) = 2*u - 1. Give h(a).
3
Let g(d) = 2*d**2 - d. Let x be g(1). Let b(y) = x - y**2 + 3*y**2 - 5*y + 3. Suppose -3*m + 0 = -2*c - 5, 4*c = 3*m - 1. Give b(m).
7
Let w = -20 - -22. Let n(a) = 4 - a + 6*a**2 - 7*a**w - 3 + a**3. Let b(g) = -2*g + 8. Let t be b(5). Determine n(t).
-9
Suppose 4*t + 8 = 4*j, -5*t + 0*j = 2*j - 25. Let x(k) = -k + 283*k**2 - 284*k**2 + 2*k**3 + 8 - k**t. Let m = -1 + 1. What is x(m)?
8
Let i(b) be the second derivative of b**3/6 + 10*b**2 + 7*b + 4. Determine i(-24).
-4
Let c(k) = k**2 + 7*k - 7. Let o = -59 - -63. Suppose -o*a - 40 = a. Calculate c(a).
1
Let p(i) = -29*i - 42. Let c(m) = -13*m - 21. Let q(v) = 9*c(v) - 4*p(v). Calculate q(-15).
-6
Let s be 6 + (4 - 9) + -2. Let y(u) = -7*u**3 - 2*u**2 - 2*u - 1. Give y(s).
6
Suppose 70*z - 53*z + 238 = 0. Let c(t) = -t - 19. What is c(z)?
-5
Let i(c) be the first derivative of -c**3/3 + 5*c**2/2 - 3*c + 237. Calculate i(2).
3
Let f = -27 - -28. Suppose 4*g - 5*x = 9, -2*g - 4*x - 1 - f = 0. Let r(y) = -y - y**2 + 2*y - 1 + y. Give r(g).
0
Suppose 3*u - 6*u = 18. Let k(d) = 14*d - d**2 - 11*d - 8 + 0 - 10*d. What is k(u)?
-2
Let p be 35/((-35)/(-5)) - 4. Let u(k) be the first derivative of 1/4*k**4 + 1/3*k**3 + 0*k**2 - p + 2*k. What is u(-3)?
-16
Let w(l) be the third derivative of -l**7/840 - l**6/90 + l**4/12 + 17*l**3/6 + 28*l**2. Let z(f) be the first derivative of w(f). Give z(-4).
2
Let h(l) = -5*l**2 + 1. Suppose z = v + 2 + 4, -3*v - 22 = -5*z. Let r(u) = 13*u - 25. Let p be r(z). Calculate h(p).
-4
Let k(z) = z**2 + 6*z. Let p be k(-7). Let r(h) = h**3 - 17*h**2 + 2. Let j be r(17). Let y(l) = -5*l**2 - 7 + p - l**j. What is y(-1)?
-6
Let g(l) = -l**3 + l**2 + 24*l - 44*l + 24*l - 4*l**2 + 1 + l**2. Determine g(-4).
17
Suppose -13 = -13*w - 0*w. Let k(i) = 4*i**3 - 2*i**2 + 3*i - 2. What is k(w)?
3
Let x = 1177 + -1166. Let u(r) = r - 11. Calculate u(x).
0
Let j = 22 - 22. Suppose 30 = q + 4*q. Suppose -u - 3*m + 13 = 3, j = u - m + q. Let z(i) = -i**2 + 3*i + 1. Give z(u).
-9
Let c(z) = z + 20. Let n(l) = -l**2 - 13*l - 10. Let s be n(-13). Give c(s).
10
Let h(r) = r + 5. Suppose 8*x = 2*x + 18. Let n be x - (-32)/(-5 - -1). Give h(n).
0
Suppose s + 0*s + 3 = 0. Let p(m) = 3*m**2 - 2*m - 9. Let h(v) = 2*v**2 - 6. Let j(q) = 5*h(q) - 3*p(q). Calculate j(s).
-12
Let l(v) = 4*v + 11. Let f(b) = b + 1. Let a(q) = -3*f(q) + l(q). Give a(-7).
1
Let i(u) = -u**2 - 7*u + 4. Let m(y) be the third derivative of -y**5/12 + y**4/3 - y**3/2 + 3*y**2 - 2. Let a be m(2). Give i(a).
4
Let g(v) = 35*v - 145. Let s be g(4). Suppose 0 = 5*b + 4*d - 45, 0 = 4*b + 4*d - d - 35. Let m = b + s. Let f(x) = -x - 5. What is f(m)?
-5
Let c(z) = 11*z + 7. Let i(k) = 9*k + 4. Let v(s) = -4*c(s) + 5*i(s). Determine v(14).
6
Let x(v) = -4*v + 38. Let f be x(11). Let p be f - (-50)/(-20)*8/(-10). Let a(d) = -d**2 + 2 - 2*d - 3*d + 0. Give a(p).
6
Let w(i) = i + 2. Let v be w(5). Let k(x) = 53*x**3 + 7*x**2 + x + 9. Let r(z) = -124*z**3 - 14*z**2 - 3*z - 19. Let n(b) = -7*k(b) - 3*r(b). Give n(v).
8
Let i(g) = -3*g**2 + 1 + 8*g**2 - 6*g**2 - 1 - 1 - 7*g**3 - g. What is i(-1)?
6
Let g(k) be the third derivative of 0 - 8*k**2 + 1/6*k**4 + 1/60*k**5 + 0*k + 1/6*k**3. What is g(-3)?
-2
Let f(i) = -i**3 + 5*i**2 + 7*i + 3. Let q(v) = 7*v + 31. Let b be q(-5). Let l be ((-9)/(-15))/((8/b)/(-20)). Calculate f(l).
9
Let d(z) be the second derivative of -3/2*z**3 + 0*z**2 - 1/12*z**4 + 7*z + 0. What is d(-9)?
0
Let g(m) = 3*m**2 + m + 1. Let h(v) = 10*v**2 + 4*v + 4. Let q(b) = 7*g(b) - 2*h(b). Let n(o) = -5*o**2 + 2*o + 1. Let p(a) = -n(a) - 2*q(a). What is p(1)?
4
Suppose -3*h - 29 + 14 = 0. Let r(l) = l**2 - l + 7. Calculate r(h).
37
Let b(s) = 3*s + 4. Let p be b(-7). Let j = 19 + p. Let i(y) = -y. What is i(j)?
-2
Let b(s) = s**3 + 4*s**2 + 2*s + 6. Let u be b(-3). Suppose 48*r + u = 51*r. Let h(k) be the third derivative of k**4/24 - k**3 + k**2. Give h(r).
-3
Let z(l) = 12 + l - 5 - 3*l + l**2 - 9*l. Determine z(7).
-21
Let l(h) = 399*h + 2 - 1 - 397*h. What is l(0)?
1
Let x(l) = -2*l**3 + l**2 + 4*l - 3. Let c(b) = b**2 + 14*b - 205. Let t be c(9). Determine x(t).
-7
Suppose k - 2 = 3*d - 20, 5*d + 5*k - 10 = 0. Let v(q) = -q**3 + 6*q**2 - 7. Determine v(d).
18
Let g(j) = 2062 - 5*j - 1031 - 1038. Give g(-5).
18
Let t(j) be the first derivative of 9/2*j**2 + 1/6*j**3 + 4 - 4*j. Let y(l) be the first derivative of t(l). Give y(-4).
5
Let n = 57 - 23. Let j = n - 38. Let h(l) = 2*l + 6. Give h(j).
-2
Let i(o) = -o**3 - 1 + o**2 - o + 4*o - 8*o**2 + 4*o**2. Give i(-3).
-10
Let l(i) = -6*i**3 - 3*i**2 - 3*i - 3. Let r(u) = -u**2 - u - 1. Let c(x) = l(x) - 3*r(x). Suppose -2*j + 4 = 2. Suppose -3*g = -2 - j. Give c(g).
-6
Let j(g) be the first derivative of g**3/3 - 4*g**2 + 9*g + 6. Suppose -13 = -3*y + 5. What is j(y)?
-3
Suppose 128 = 52*h - 36*h. Let n(a) = -a + 14. Give n(h).
6
Let w(x) be the first derivative of x**4/4 - 5*x**3/3 + 3*x**2/2 + 2*x - 1. Suppose 53 = 9*s + 4*b, 14*s - 3*b = 13*s - 1. Calculate w(s).
17
Let m = -222 - -221. Let j(c) = 7*c**2 + c. What is j(m)?
6
Let g(w) = -12*w. Suppose 5*c - 84 = -3*j, 5*j + 3*c = -30 + 170. Suppose -j*r = -31*r - 3. Determine g(r).
12
Let a(d) = d**2 + 11*d + 2. Let w = 1318 - 1327. Determine a(w).
-16
Let h(c) = c - 6. Suppose 16*n - 64 - 32 = 0. Calculate h(n).
0
Suppose a - 3*m = 4*a - 15, -5 = -4*a + m. Let t be a/(-6) + 12/(-18). Let c(k) be the third derivative of k**5/12 + k**3/6 - 2*k**2. Determine c(t).
6
Suppose -4*k + 7 - 3 = 0. Let i(g) = -g + 5*g**3 - 10*g**3 + g**2 + 8*g**3. Calculate i(k).
3
Suppose 3*v - 3*y = 2*v - 12, 2*y - 4 = 2*v. Suppose 1 - v = -z. Let s(x) = -10*x - z*x**2 + 1 + 10*x. What is s(-1)?
-1
Let i(k) be the first derivative of k**4/4 + 4*k**3/3 - 5*k**2/2 - 5*k + 15. Let h(j) = -j**2 + 2*j - 2. Let b be h(3). Give i(b).
-5
Let q(u) = -u + 14. Let k be 176/110 + (-42)/(-5). What is q(k)?
4
Let y(d) = d**3 + 2*d**2 - 2*d + 1. Suppose w + k + 3 = 0, 3*w - 18 = 4*w - 4*k. Let f be w/(-4) + (-12)/(-24). Let i be ((-1)/2)/(f/12). Calculate y(i).
-2
Suppose 2*u - 20 + 2 = 0. Let q(d) be the first derivative of -d**2 + 7*d + 456. Give q(u).
-11
Let r(g) = 11*g**2. Suppose -u + 3*c - 4 = 0, -u + 3*c = -3*u + 10. Suppose -u*i = -4*p - 6, 3*p + 7 = 3*i - 5. Calculate r(p).
11
Let w(h) be the second derivative of -h**3/6 + h**2 - 4*h. Let i be w(6). Let m(o) = -2*o - 5. Determine m(i).
3
Let z(b) = -16*b + 44. Let f be -5 + 12/4 + 5. Let m be z(f). Let h(c) be the first derivative of -c**3/3 - c**2/2 - c + 1. Give h(m).
-13
Let b be ((5 - 1)*-3)/2. Let j(v) = -v**2 - 5*v - 15. What is j(b)?
-21
Let u(a) = -16 + 3*a + 18 + a - 5*a. Give u(0).
2
Let l(x) = 13*x + 2. Suppose 4*d = 5*u + 14, 4*d + 3 = 7. Calculate l(u).
-24
Let o(x) = x**2 - 9*x - 8. Suppose 0 = -19*u + 7*u + 84. Calculate o(u).
-22
Let x be 7*(-2 - 2)*(-42)/98. Let u(n) = 4*n - 4. Determine u(x).
44
Suppose -f + s - 12 = -5, -4*f = s + 23. Let z(h) = -h**2 - 4*h + 10. What is z(f)?
-2
Let j(d) = d**2 + 9*d + 9. Suppose -3*k + 13 = 2*m, -1 = -k - 0. Let q be (-1)/1*m + -1. Calculate j(q).
-9
Suppose -270 = -47*g + 153. Let y(m) = m**2 - 8*m - 3. Give y(g).
6
Suppose 0 = -2*w - q - 7, 0 = -0*w - 2*w + 5*q + 23. 